*i(h). Suppose 13 = g - 5*v - 0, -5*v - 4 = 2*g. What is m(g)?
-6
Let g(m) = m**3 - 4*m**2 + 4*m - 6. Let z = 19 + -15. What is g(z)?
10
Let q(a) = a**3 + 9*a**2 - 10*a + 8. Let z(d) = 1. Let j(f) = q(f) - 6*z(f). Let l be j(-10). Let y = -4 + l. Let h(b) = -3*b**2 - 2*b + 1. Calculate h(y).
-7
Let u(j) = j**3 + j - 1. Suppose 0 + 2 = -y. Determine u(y).
-11
Let t(f) = -f**3 - 2*f**2 - 3*f. Let x = 6 - 1. Suppose -3*d + 4 = -x*d. Determine t(d).
6
Let m(a) = -4 + 2*a**2 + 5 - 3*a**2. Suppose 10 = 3*y + 1. Let l = y + -1. Calculate m(l).
-3
Let z(m) = -4*m**2 + 61*m**3 - 62*m**3 + 6*m - 7 + 9*m**2. Determine z(6).
-7
Let b = 13 - 7. Let q(j) = -5 + 7*j**2 - 5*j - 53*j**3 + 52*j**3 - 1. What is q(b)?
0
Suppose 5*k = -5*b - 5, -2*b - 22 + 10 = -3*k. Let j(i) be the third derivative of i**4/8 - i**3/3 - 3*i**2 - 14. What is j(k)?
4
Suppose -12 = -s - s. Let z(f) = -9 + 3*f + 9*f - f**2 - 4*f + 1. Calculate z(s).
4
Suppose -59*x + 62*x + 9 = 0. Let y(p) = -p**2 - p. What is y(x)?
-6
Let v(p) = -p**2 + 13*p + 2. Let x be v(13). Suppose 4*b - z = -6*z - x, 5*b + 4*z = 2. Let q(y) = -1 + 0 + 3 + 3*y. Determine q(b).
8
Let p(o) be the first derivative of o**3/3 - 3*o**2 - 8*o + 22. Give p(6).
-8
Let l = 95 + -95. Let o(y) = 0 + 10 - y - 1. Calculate o(l).
9
Suppose 2*r - 46 = -32. Let v(a) = -a**3 + 7*a**2 + 4. Determine v(r).
4
Let j(d) = d**3 - 4*d**2 + 3*d - 3. Let r = -10 - -13. What is j(r)?
-3
Let v(u) = u**3 - 5*u**2 + 3*u - 7. Let x = 238 - 126. Let m = -72 + x. Suppose -5*h + 3*g + m = -0*g, 2*h + 5 = -3*g. Determine v(h).
8
Let q(i) = i**2 - 2*i + 3. Let r be -1 - (2/2 + 5). Let w = -4 - r. Calculate q(w).
6
Suppose 0*n = 5*n - 15. Let o(d) = 2 + 3 - 6 + 0 + n*d. Calculate o(1).
2
Let w(h) = 4*h - 2*h - h + 4. Suppose 4*o - 5 - 3 = 0. Suppose o*b - 12 + 4 = 0. Determine w(b).
8
Let o = 1 - -2. Suppose 3 + o = 2*y. Let u(w) = -w**2 + 2*w - 2. Give u(y).
-5
Let m(x) = x**3 + 2*x**2 + 3*x + 2. Let h(z) = -6*z**3 - 11*z**2 - 16*z - 9. Let p(c) = 2*h(c) + 11*m(c). Calculate p(0).
4
Suppose 3*h + 18 = h - 5*l, 16 = -h + l. Let y = h - -20. Suppose i - 3*i = 4*w - 6, w - y = -2*i. Let q(t) = 2*t + 1. Give q(i).
7
Let m be 2/10 + (8 - (-78)/(-15)). Let c(b) = -2*b**2 - b**2 + 3 - b + 3*b. What is c(m)?
-18
Let a(v) = v**2 + 4*v - 2. Suppose z + 11 = 2*q, -5*z - 2*q - 2 = 17. Let y be a(z). Suppose y*o = 11 - 2. Let x(l) = l**2 - 2*l + 3. Give x(o).
6
Let l be (-2)/(-4) + 21/14. Let r(a) = -2*a + 3*a**2 + 3*a**3 - 3*a**2 - 4*a**3 + l. Determine r(2).
-10
Let p(g) = -2*g**2 - 2*g + 2. Let n be 2/4 - 4/8. Let w = 1 - n. Let q be w/(-1*(-3)/6). Give p(q).
-10
Let b(p) be the first derivative of -p**6/360 - p**5/120 - 7*p**4/24 + 4*p**3/3 + 3. Let t(q) be the third derivative of b(q). Give t(0).
-7
Let l be ((-2)/(-6))/((-1)/15). Let j(r) = r**2 + 7*r + 6. Determine j(l).
-4
Let l(b) = -b**2 + 5*b + 6. Let g = -7 - -12. What is l(g)?
6
Let b(t) = t - 4. Let c(r) = 13*r. Let p be c(1). Let u = 8 + -3. Suppose 0 = -3*f + u*y - 29, -5*y + p = f - y. Give b(f).
-7
Let r = 3 + 1. Suppose -4*k + 3*i + 4 = 0, -k + 4 = -4*k + r*i. Let v(z) = z + z - z + k. Determine v(0).
4
Let h(f) = f**3 - 6*f**2 + 7*f - 5. Let o(a) = a**2 + 11*a + 23. Let m be o(-9). What is h(m)?
5
Let h(r) = 5*r. Let m(j) = j**3 - 8*j**2 + 8*j - 6. Let v be m(7). What is h(v)?
5
Let h(i) = i + 6. Let c be h(-6). Let f be 4 - (c - (1 + -2)). Let v(l) = -3*l**2 + 2. Let x(d) = 7*d**2 + d - 4. Let u(o) = 5*v(o) + 2*x(o). What is u(f)?
-1
Let b(g) = -8*g**2 - 2*g - 7. Let d(m) = 7*m**2 + 2*m + 6. Let p(x) = -4*b(x) - 5*d(x). Let y be (-13)/(-4) - 2/8. Suppose -y*n - 4 = -n. Give p(n).
-10
Let m(w) = 7*w**2 - 1. Let s = -7 - -10. Let l(q) = -q**3 + 5*q**2 + 8*q - 8. Let v be l(6). Suppose -4*r + 4*x + 3 = -13, 0 = -v*r + s*x + 11. Calculate m(r).
6
Let z(b) = 4*b**2 - 3*b + 2. Let h(p) = -11*p**2 + 8*p - 5. Let g(u) = 3*h(u) + 8*z(u). Let x(d) = 4*d**2 + 3*d - 9. Let k(i) = -5*g(i) - x(i). Calculate k(3).
4
Let p = 12 + -10. Suppose 3*h = -0*h + p*g + 15, -2*g - 12 = -2*h. Suppose s + h*t = 5, s + t + 2 - 1 = 0. Let w(z) = z**3 + 5*z**2 + 6*z + 3. Calculate w(s).
-5
Let a(g) = -3*g**2 - 1. Let x = 33 + -32. Calculate a(x).
-4
Let w(m) = -2*m**3 - 4*m**2 - 2*m - 1. Let v(h) = 3*h**3 + 6*h**2 + 3*h + 2. Let x(d) = -5*v(d) - 8*w(d). Let u be x(-2). Let o(c) = 6 - 1 + c + 0*c. Give o(u).
1
Let z(q) = -4*q + 1. Let h(u) = -u**2 + 16*u + 2. Let v be h(16). Determine z(v).
-7
Let m be ((-6)/(-10))/(1/(-5)). Let v be (-1)/(-3) - 5/m. Let w(c) be the third derivative of -c**5/60 - c**3/6 - 2*c**2. Give w(v).
-5
Let u(n) = n**3 + 5*n**2 - 6*n + 1. Suppose 6*a - 3*a + 18 = 0. What is u(a)?
1
Suppose 9*y = y + 32. Let k(d) = 2*d - 5. Calculate k(y).
3
Let t(u) = -2 - 2484*u + 2486*u + 4. Suppose -2*l = 4*w - 12, -3*w = l - 2*l - 14. Determine t(w).
10
Let a(n) = 2*n**2 + 4*n - 13. Let v(x) = -x**2 - 2*x + 7. Let h(r) = -6*a(r) - 11*v(r). Calculate h(2).
-7
Let b be (-2)/3*18/(-4). Suppose 0 = 2*f - 6 - 0. Let w(p) = 3*p**2 - 2 + 4 - p**f - 5 + 2*p. Give w(b).
3
Let i(h) = -h**2 + h + 2. Let u be i(3). Let m = u + 6. Let o(s) = -2*s - 3 + s - 2*s**m - 3*s. Determine o(-3).
-9
Let y be (-45)/25 - 1/5. Let d be (9/(-2))/((-9)/12). Let p(x) = 5*x**2 - 6. Let j(n) = n**2 - 1. Let a(g) = d*j(g) - p(g). What is a(y)?
4
Suppose 2*o = 7*o + 5. Let i(d) = 12*d**2 + 2*d - 3. Let y(v) = -1. Let x(f) = o*i(f) + 4*y(f). Give x(-1).
-11
Let a(q) = -q**2 + 7*q + 4*q - 13*q. Calculate a(2).
-8
Let l(h) = 1. Let c(n) = -n + 1. Let b = -11 - -12. Let i(s) = b*l(s) + 2*c(s). Suppose -15 = -4*m - m. Calculate i(m).
-3
Suppose 0 = -0*f - 4*f - 12. Let k(v) be the first derivative of v**4/4 + v**3 - 3*v**2/2 + v + 29. What is k(f)?
10
Let h(u) = u**2 + 4*u. Let m be 1/(-1) - (6/2 - 0). Determine h(m).
0
Let c be (4 - (1 - 1)) + (1 - -1). Let h(t) = -t**3 + 6*t**2 - t + 2. What is h(c)?
-4
Let t(x) = -x**2 - 7*x + 1. Let v(p) = -2*p**2 - 14*p + 2. Let z(q) = 9*t(q) - 4*v(q). Calculate z(-7).
1
Let r(g) = -15*g**3 + g - 7 + 14*g**3 + 0*g**2 + 5*g**2. Let b(m) = m**3 - m**2 - 4*m + 2. Let o be b(3). Let p = o + -3. What is r(p)?
-2
Let a(v) be the second derivative of -v**3/6 - v**2 + v. What is a(-4)?
2
Let c(n) = n**2 + 6*n - 3. Let w be c(-7). Suppose -z = -w + 8, 2*v + 5*z + 8 = 0. Let r(p) = p**2 - 8*p + 1. Calculate r(v).
-11
Let k(r) = -r + 4. Let j(q) = -2*q + 9. Let p be (-7)/(-2 + 1) + -3. Let i(v) = p*j(v) - 9*k(v). Give i(-4).
-4
Suppose -r - 2 = -5*x - 1, 0 = 4*r - 16. Let f(n) = 7*n - 2 - 5*n + x. Calculate f(-1).
-3
Let s(g) = -g**3 - 9*g**2 - 7*g + 10. Let u be s(-8). Let j(b) = b**3 + b**2 - 3*b + 1. What is j(u)?
7
Suppose 4*c - 26 = -2. Let y = c - 10. Let m(z) = 2 - 2*z**2 - z - z + z**2 + 0*z**2. What is m(y)?
-6
Let y(l) = 6*l**3 + 5*l**2 + 5*l - 4. Let v(z) = z**2 + z - 1. Let n(u) = -5*v(u) + y(u). What is n(1)?
7
Let q(g) = 3*g + 3. Let m(f) = 1. Let u(w) = -2*m(w) - q(w). What is u(-4)?
7
Let v(d) = 7*d**3 - d**2 + 1. Let c(j) = 7*j**3 - j**2 + 1. Let t(p) = 3*c(p) - 2*v(p). Determine t(1).
7
Let q be 1/2 - (-55)/10. Let w(z) = 3*z - z**2 + q - 12 + 4*z**2. Let o(h) = -h**2 - h + 1. Let g(l) = 4*o(l) + w(l). Calculate g(-2).
-4
Let b be (-2)/11 - (-210)/66. Let u(q) = -2 + 3 + 3*q + q**2 - 5*q. What is u(b)?
4
Let l(n) = -6*n + n**2 - 7 + 5*n + 8. Determine l(3).
7
Let o(i) = i**3 - i**2 + 1. Let n = 5 - 3. Let y(c) = c**2 - 3*c + 1. Let g be y(n). Calculate o(g).
-1
Let t(j) = 0*j - 4*j - 3 + 15*j - 4*j. Suppose -2*o + 4 = -0*o. What is t(o)?
11
Suppose -24 = -3*k - 9. Let p(h) = 1 - h**2 + h - 6*h - h - k. Calculate p(-5).
1
Let l be ((-3)/(-2))/(9/24). Suppose -5*y - l = -3*y. Let o(k) be the first derivative of k**4/4 + k**3 + k**2/2 - 2*k - 2. What is o(y)?
0
Let l(g) = g**3 + 6*g**2 - 6*g + 12. Let u be l(-7). Let c(n) = 1. Let y(o) = -o - 5. Let p(s) = -3*c(s) - y(s). Calculate p(u).
7
Let z = -100 + 104. Let v(b) = b**3 + 5*b + 2 - 3 + 0*b**3 - 5*b**2. What is v(z)?
3
Let a(v) be the first derivative of 2*v**3/3 + v**2/2 - v - 17. What is a(-2)?
5
Let b be 4/(-14) + 72/7. Let f = b + -12. Let t(q) = q**3 + q**2 - q - 1. What is t(f)?
-3
Let g(t) = 0*t**2 - 7*t**2 - 1 + 6*t**2 + 2*t**2. Let s(i) = i + 4. Let n be s(-6). Let o be 1*-1 - (-1 - n). Determine g(o).
3
Let b(k) = 0*k**2 + 5*k + 88 - k*